t and p.
18
Let r be -8 + (-5 - -7) + -1. Let x(b) = -26*b + 27. Let m be x(r). Calculate the greatest common divisor of 19 and m.
19
Let h be (11 - -1)/(6/4). Suppose -3*p + 4*p - h = 0. Let a = -6 + p. Calculate the highest common divisor of a and 8.
2
Suppose 0 = 2*b - 0 - 4. Suppose b*h = -h + 42. Let u be 73 + (9 + -3)/(-2). What is the greatest common factor of u and h?
14
Let z = 175 - 109. Let f = z - 29. Let q = -35 + f. Calculate the highest common divisor of 2 and q.
2
Let b(c) = 3*c**2 + 3*c - 1. Let a be b(2). Suppose 2*h - 247 - 135 = -8. Calculate the greatest common factor of a and h.
17
Let a be ((-75)/9)/(70/(-252)). What is the highest common divisor of 45 and a?
15
Let p be ((-30)/35)/(9/(-1071)). What is the highest common factor of 12 and p?
6
Suppose -3*x - 4*r - 17 = 0, -4*x = -r - 4 - 5. Let z be 180/40 + x/2. What is the greatest common divisor of z and 95?
5
Let r = 273 - 225. What is the highest common divisor of r and 18?
6
Let h(f) = -f + 20. Let i be h(18). Let w(n) = 10*n + 5. Let j be w(i). What is the highest common factor of 5 and j?
5
Let b be (283 - 151) + 0 + 1. What is the highest common factor of b and 21?
7
Suppose -70 = 4*j - 162. Calculate the greatest common factor of j and 2.
1
Let k(y) = 118*y**2 + y - 1. Let q be k(4). Calculate the highest common divisor of 61 and q.
61
Let f = -770 - -882. What is the highest common divisor of f and 56?
56
Suppose 4*x - 3*a = a + 268, -5*x - a + 365 = 0. Calculate the highest common divisor of 16 and x.
8
Suppose 0 = -5*a - 5*x + 65, 2*a = 2*x + 15 + 15. Let c = 3 + -3. Let q(n) = n**3 - n**2 + n + 56. Let k be q(c). What is the highest common divisor of a and k?
14
Suppose 18*t - 15*t = 6. Suppose y - 24 = 4*h, -t*h + 7 = 1. What is the greatest common factor of y and 54?
18
Let p = 468 + -144. Let i = 316 - 202. Let t = p - i. What is the highest common factor of 30 and t?
30
Suppose -4*b + 6*y + 1464 = 4*y, 5*y = 5*b - 1820. What is the highest common divisor of 48 and b?
16
Let x(w) be the second derivative of 11*w**3/2 + 2*w. Let q be x(3). Let m be -5 - (119/(-51))/((-1)/(-6)). Calculate the greatest common factor of q and m.
9
Let s = 524 + -305. Calculate the greatest common divisor of s and 365.
73
Suppose -15 = -3*u + 3*t, 2*t + t - 15 = -2*u. Let v be (100/(-8))/((-3)/u). Suppose -31 = -4*d + v. What is the greatest common divisor of d and 28?
14
Suppose 0*g = -7*g - 518. Let z be g/(-8) - (-1 - (-5)/4). Calculate the highest common divisor of z and 27.
9
Suppose 0 = -5*c - 3*l + 61, 14*c = 10*c + 5*l + 34. What is the greatest common divisor of 880 and c?
11
Let k be 369/(-6)*(-6 + 2 + 0). What is the highest common factor of k and 6?
6
Suppose -8*i = -1088 - 64. Calculate the greatest common divisor of 90 and i.
18
Let f(h) = h**2 - 2*h + h**2 - h**2 + 12*h + 13. Let v be (4 - 1)*15/(-5). Let c be f(v). Calculate the highest common divisor of 4 and c.
4
Let r(p) = p**2 + p - 27. Let f be r(-6). Calculate the highest common divisor of 195 and f.
3
Suppose -g = -6*g + 55. Let n be 86/2 + (g - 9). Let f = -30 + 45. Calculate the highest common factor of n and f.
15
Let j(r) = 50*r + 71. Let w be j(-1). What is the highest common factor of w and 147?
21
Let l be (-3)/12 + (-30)/8 - -369. What is the highest common divisor of 219 and l?
73
Suppose -91 = -192*w + 185*w. Calculate the highest common divisor of 52 and w.
13
Let c(u) = 11*u**2 + 3*u + 2. Let n be (4 + -2 - 3)/1. Let t be c(n). Let y = -39 - -64. Calculate the highest common divisor of t and y.
5
Let j(h) = 0*h - 4*h + 6*h + 14*h**2 - 5*h. Let o be j(3). Calculate the highest common factor of o and 13.
13
Let z(j) = j**3 - 12*j. Let i be z(4). Calculate the greatest common factor of i and 72.
8
Let r be 3340/15*6/4. Suppose -6*t = -r - 356. What is the greatest common divisor of 46 and t?
23
Suppose -3*o - 16 = -3*y + 11, 5*y - o - 49 = 0. Let n = 1 - -105. Suppose -3*d = 3*a - 2*d - 329, a = -4*d + n. What is the highest common factor of y and a?
10
Let n = 29 + -23. Suppose -3*q - 24 = -n*q. Calculate the highest common divisor of q and 72.
8
Suppose 5*o = 103 + 27. Suppose -5*r = o - 146. What is the highest common divisor of r and 24?
24
Let h = 8 - 2. Suppose 202 = 222*r - 204*r - 392. Calculate the greatest common factor of h and r.
3
Suppose 16 = 4*b + 2*a, -3*a + 3 = -b + 14. Let m(q) = 3*q**2 - 5*q + 2. Let l be m(3). Suppose -l = -b*t + 61. What is the greatest common divisor of t and 6?
3
Suppose -9*m = -4*m - 55. Let k be 2/8*(106 - 62). What is the highest common divisor of k and m?
11
Suppose -144 - 1773 = -9*l. What is the greatest common factor of l and 568?
71
Suppose -5*l = -28 - 52. Let r be (17 - 25)/(((-4)/(-1))/(-32)). What is the greatest common factor of r and l?
16
Let m be (8/((-120)/63))/((-1)/5). Calculate the greatest common factor of 483 and m.
21
Suppose -5*k = -63 - 17. Suppose w = k + 28. Calculate the greatest common factor of w and 11.
11
Suppose -8*s + 4*s = 4*q - 316, 3*q - 5*s = 277. Suppose 2*x + 3*x + q = 4*i, 0 = x + 4. What is the greatest common factor of 80 and i?
16
Let l = -59 + 63. Suppose 9*i = 6*i + 108. What is the greatest common divisor of l and i?
4
Let o = 825 - 761. What is the highest common divisor of 56 and o?
8
Suppose -3*m + 34 = -4*y, 3*m + 0*y = y + 49. Let k be (2 - 1)/(1/(-81)). Let i be ((-1)/3)/(3/k). Calculate the greatest common divisor of i and m.
9
Let n(f) = -3*f - 30. Let c be n(-16). Let t = -12 + c. Calculate the greatest common divisor of 2 and t.
2
Let a(s) = 3*s + 7. Let g be a(2). Let x = 15 + g. Calculate the highest common factor of x and 140.
28
Let k(g) = 2*g**2 - 16*g + 31. Let x be k(5). Calculate the greatest common factor of x and 5.
1
Suppose 3*k - 467 = 973. Suppose -312 = -3*m + k. What is the highest common factor of m and 24?
24
Let k = -13 + 63. Let n = -86 - -96. What is the highest common factor of n and k?
10
Let b(p) = p**3 + p + 3. Let o be b(0). Let y = 4 - o. Let z(w) = 184*w**3 - w**2 + w. Let s be z(y). What is the greatest common factor of 23 and s?
23
Suppose -10*y = -y. Let z(v) = -v**3 + v**2 + 2*v + 15. Let s be z(y). Suppose -5*m + 198 = -477. What is the greatest common divisor of m and s?
15
Let j(p) = -p**3 + p**2 + 1. Let s(r) = -114*r**3 + 3*r**2 - r + 2. Let g(h) = 2*j(h) - s(h). Let l be g(1). What is the greatest common factor of l and 16?
16
Suppose -3*d + 203 - 14 = 0. Let s = 66 - d. What is the highest common divisor of s and 3?
3
Let s be (1 - 5) + 24/(-3) + 25. Calculate the highest common divisor of 1664 and s.
13
Let r(o) = -49*o + 1. Let b(u) = 82*u + 21*u - 4 + 93*u. Let y(l) = 4*b(l) + 18*r(l). Let q be y(-3). Calculate the highest common factor of q and 37.
37
Suppose 0*b + 4*b - 5*u - 22 = 0, -5*b - 3*u = -9. Suppose 0 = -7*d - b + 24. Calculate the highest common factor of 27 and d.
3
Let m be (-18)/(-2) - 0/3. Let u = -55 + 109. What is the highest common divisor of u and m?
9
Let y = 5027 - 4982. Suppose 13 = 5*o - 62. What is the highest common factor of o and y?
15
Let m(i) = -296*i + 16. Let z be m(-1). Calculate the highest common factor of z and 24.
24
Suppose 0 = 7*s - 3*s + i - 64, 2*i - 64 = -4*s. Calculate the highest common factor of s and 144.
16
Suppose 0 = -2*c + 218 + 118. Suppose 8*w = w + c. What is the highest common factor of w and 6?
6
Suppose 148 = 17*j - 124. Calculate the greatest common factor of j and 40.
8
Let r = 272 - 32. Calculate the greatest common factor of r and 96.
48
Suppose -16 = -2*j + r, -r - 2 = -2*r. Let u be (-126)/(-8) - j/12. What is the greatest common factor of u and 6?
3
Suppose 3*u + 6*y - 64 = y, -5*y = 2*u - 51. Let z(c) = 14*c**2 + 12*c - 2. Let v be z(2). What is the highest common divisor of v and u?
13
Suppose 1877 - 6437 = -30*d. What is the highest common divisor of d and 32?
8
Suppose -4*j = -3*w - 37, 27 = -4*w - 2*j + 7. Let z = -7 - w. Suppose z*q - 8 = -2*t + 4*q, q = -5*t + 64. What is the highest common factor of t and 3?
3
Let r be (58/10)/(5/25). Suppose 0 = 4*y + r - 101. Suppose 2*c + 2 - y = 0. What is the highest common factor of 4 and c?
4
Suppose 1 = -2*c - 3*j + 2*j, -4*c = -5*j + 23. Let r(m) = -9*m - 5. Let v be r(c). What is the greatest common divisor of v and 117?
13
Let n be 298 + 25/